+ 2*x + 16 = 0, -5*l + x = 3*x. Let u = -731 + 736. Suppose l*j = 5*d + 498, 18*d - 14*d + 1211 = u*j. What is the units digit of j?
9
Let v(x) = x**2 - 27*x + 55. Let k be v(25). Suppose k*l + 248 = 3158. What is the units digit of l?
2
Suppose -5*j + 27590 = 5*g, 5*g - 3297 - 7757 = -2*j. What is the thousands digit of j?
5
Let i be (3 + (-425)/10)*-8. Let j = i - -305. What is the hundreds digit of j?
6
Let q(o) = -126*o - 26. Let r be q(-8). Suppose 3*j = -i + 190, 3*i - j - r = -2*i. Let t = 383 - i. What is the hundreds digit of t?
1
Suppose -70 = -63*r + 56. Let c be 16/10*50/20. What is the tens digit of r + (3 - c) + 140?
4
Suppose -3*j + 225 = -4*p + 612, 0 = 2*p + 5*j - 213. Suppose -g + 1 = 4*n - p, 0 = -3*g + 3*n + 240. What is the tens digit of 1*(-416)/(-14) + 24/g?
3
Suppose 299*t = 301*t - 18604. What is the hundreds digit of t?
3
Let r be (-16)/12*9/(-6). Suppose 0*p + r*p - 80 = 0. What is the units digit of (-2 - -9 - 4) + p/2?
3
Let m(j) be the first derivative of -1/4*j**4 + 11/3*j**3 - 3*j + 36 - 6*j**2. What is the units digit of m(9)?
1
Suppose -5*q + 296 = -3*t - 3*q, -3*q = 3*t + 276. Let h = t - -129. Suppose 39 + h = 6*f. What is the units digit of f?
2
Suppose 0 = -o - 3*x + 14, x + x = 3*o + 2. Suppose 259 = o*p - 3*c, -10*c + 6*c + 431 = 3*p. What is the tens digit of p?
3
Suppose -3*i - i - 191 = h, -h = i + 182. Let v = -339 - 37. Let g = h - v. What is the hundreds digit of g?
1
What is the hundreds digit of 9136/22 - 9/33?
4
Let a be 0 + 10 + (-5 - 2). Suppose f + 4*d - 880 + 305 = 0, 0 = f - a*d - 540. What is the units digit of f?
5
Suppose 3*k - 42 = -3*k. Suppose 12*c = k*c - 3*a + 108, -2*a = 2*c - 40. What is the tens digit of c?
2
Suppose 3*d = -5*q + 198231, 5*d - 118961 = 5*q - 8*q. What is the ten thousands digit of q?
3
Suppose 0 = -s + y + 34289, 0 = 3*s - 2*y - 78368 - 24501. What is the hundreds digit of s?
2
Let u be (3 + (-126)/30)*-5. Let n(c) = -2*c + 19. Let x be n(u). Suppose x*z + 4*a - 85 = 6*z, -3*z + 4*a = -287. What is the tens digit of z?
9
Let j = 99417 + -58562. What is the ten thousands digit of j?
4
Let o be (2/3*-2)/(6/(-63)). Suppose o*y - 6*y = 1256. What is the tens digit of y?
5
Let h = 21927 - 12263. What is the units digit of h?
4
Suppose -2*c - 2*x = -9494, -5*x = -c + 4049 + 716. What is the thousands digit of c?
4
Let z = -22 + 27. Suppose -z*n = -4*c - 8*n - 1, -c = -2*n + 3. What is the units digit of (-2 + 3)*(-1)/c?
1
Suppose -12*u + 17*u = 4660. Let i = u - 463. What is the tens digit of i?
6
Suppose -434 - 2492 = -13*r + 545. Suppose -105 = -0*j - j. Let u = r - j. What is the hundreds digit of u?
1
Let h = -4645 - -24086. What is the units digit of h?
1
Let a(f) = 25*f**2 - 2*f + 4. Suppose -3*d + 23 = 5*s, -18 = -4*s + 2*s + d. Let k be a(s). What is the tens digit of k/10*(-4)/(-6)?
8
Let n = -303 + 161. Let q = 890 + n. What is the units digit of q?
8
Let n be 3*4/6 - (12 - 14). Suppose 56 = n*t + 3*t. Suppose 533 = a + 2*a + 4*q, 4*q - t = 0. What is the units digit of a?
5
Suppose 50*d - 522742 = 35*d - 7*d. What is the hundreds digit of d?
7
Suppose 360770 = -509*g + 1033*g - 514*g. What is the ten thousands digit of g?
3
Suppose 14*d = 2*g + 162954, -6*d + 5*d + 11655 = 5*g. What is the thousands digit of d?
1
Let m(j) = -j**3 + j**2 - j + 15. Suppose -c - 15 = -6*c. Suppose 4*w + 4 = g, 3*w = -5*g + 6*w + c. What is the units digit of m(g)?
5
Let f(c) be the third derivative of -1/15*c**5 + 5/2*c**3 + 0*c + 1/120*c**6 + 0 - 7/24*c**4 - 50*c**2. What is the units digit of f(5)?
5
Let o = 2579 + 6726. What is the hundreds digit of o?
3
Suppose 3*p = 154*u - 153*u + 17966, 5*p + 4*u = 29932. What is the units digit of p?
8
Let l(k) = 92 - 4*k**2 - 196 + 49 - 10*k**2 + 4*k. Let q(d) = 9*d**2 - 2*d + 37. Let i(z) = 5*l(z) + 8*q(z). What is the units digit of i(6)?
7
Let t(s) = -1. Let b(f) = -f + 1. Let o(m) = 3*b(m) + 7*t(m). Let g = 12 - 18. What is the units digit of o(g)?
4
Let c = 2 + -4. Let a(g) = 0 - 3 + 3 + 4 + 31*g**2 + 6*g. What is the units digit of a(c)?
6
Let s = 557 + 47. Suppose s = -x + 4. What is the units digit of ((-3)/9)/(4/x)?
0
Let t be (-110)/3*12/(-5). What is the hundreds digit of (-2 - t/(-12))/(2/57)?
1
Let l(s) = 41 - 9 - 14 + 123 + 43*s + 81. What is the units digit of l(23)?
1
Let z(v) = 4*v**3 - 4*v**2 - 78*v - 38. What is the ten thousands digit of z(15)?
1
Let s = 23378 - -6611. What is the thousands digit of s?
9
Let p be (-3)/(-6) + -1 + (-27)/(-6). Suppose 211 = 2*i + c, -3 = -c - p. Suppose -i = -11*h + 26. What is the tens digit of h?
1
Suppose 1535402 = 81*c + 170001 - 2149189. What is the thousands digit of c?
3
Suppose 8*c - c = 56. Suppose -c*v = -11*v + 6. Suppose 3*w - 494 = -v*w - 4*m, -3*m = w - 90. What is the hundreds digit of w?
1
Suppose -b + 4810 = 4*b. Suppose 8*d - b + 170 = 0. Let k = 179 - d. What is the units digit of k?
0
Let g be -1*1 + 3 - (-23 + 25). Let c be g/(-3)*1/(-3). Suppose 0 = 4*s - 4*p - 440, -2*s + 4*p + 228 = -c*s. What is the hundreds digit of s?
1
Let j(s) = s**2 + 13*s + 29. Let a be j(10). Let d = a + -40. What is the tens digit of d?
1
What is the thousands digit of 57/3 - (5 + -73129)?
3
Suppose 8585 = d - 60*b + 59*b, 4*d = -4*b + 34340. What is the hundreds digit of d?
5
Suppose 9*k - 21 - 24 = 0. What is the tens digit of 74 - (k + -4 + 0)?
7
Suppose -3*y = a + 542, 0 = -2*a + 5*a - 3. Let l = 1042 + y. What is the hundreds digit of l?
8
Suppose -4*z + 2*i = -15703 + 3687, -2*z + 6020 = -3*i. What is the thousands digit of z?
3
Let y = 1687 + -1056. Let k = y - 536. What is the units digit of k?
5
Suppose -36*s + 49576 - 150232 = -534636. What is the hundreds digit of s?
0
Let z = 165 - 165. Suppose z = -4*n + 110 + 586. What is the hundreds digit of n?
1
Suppose 0 = -23*p + 36*p - 52. Suppose -j + 408 = r, -p*j + 3*r + 1632 = -0*r. What is the units digit of j?
8
Let a(l) = l**2 - l - 9. Let t(r) = r**2 - r - 9. Let p(o) = 3*a(o) - 2*t(o). Suppose 5*h - 6 = 6*h. What is the tens digit of p(h)?
3
Let n be 1255/3 - (-2)/3. Let x(m) = -m**2 + 72*m - 155. Let v be x(64). Suppose v = 8*l - n. What is the units digit of l?
7
Let j(k) = 4*k**2 - 21*k + 8. Let q be j(5). Let i(v) = 2*v**q + 13*v**3 - 1 + v**2 - v + 93*v**3. What is the hundreds digit of i(1)?
1
Let p = -415 + 162. Let v = 665 + p. What is the tens digit of v?
1
Let y(b) = b**3 - 14*b**2 + b - 2. Let x be y(14). Suppose 13*z + x = 17*z. Let l(r) = 2*r**3 + r**2 - 2*r + 6. What is the tens digit of l(z)?
6
Let a = -6123 + 10377. Suppose 504 = -6*w + a. What is the tens digit of w?
2
Suppose 814 = j - d - 6474, 4*j - 3*d - 29146 = 0. What is the units digit of j?
2
Let d be (7 + 1 - 9)/(2/(-118)). Suppose 6*p - 2*p = o + 236, 0 = p + 5*o - d. What is the tens digit of p?
5
Let y(m) = -m**3 + 4*m**2 + 14*m - 10. Let r be y(6). Suppose -r*o - 8208 = -14*o. What is the hundreds digit of o?
6
Suppose 4*k = -4547 + 32415. What is the units digit of k?
7
Let o(y) = 5*y + 99. Let p be o(15). Let m = p + 383. What is the hundreds digit of m?
5
Suppose 4*q - 162 - 158 = -5*v, -5*v + q = -320. Suppose -n = -5*n + x + 387, -2*x = 6. Let o = n - v. What is the tens digit of o?
3
Suppose 3*a + 23832 = 8*a + 3*a. What is the tens digit of a?
7
Let n(p) be the first derivative of 6*p**2 - 56*p + 11. Let x be n(5). Suppose -x*w + 7 = -13, 5*y - 10 = 5*w. What is the units digit of y?
7
Let i(j) be the first derivative of 686*j**2 - 8*j - 1. Let s be i(4). What is the hundreds digit of (2/4 + -1)/((-20)/s)?
1
Suppose -5*a = -25 + 5. Suppose -4*y + a = 0, y = h - 3*y + 123. Let j = -117 - h. What is the units digit of j?
2
Let x(y) = 4*y**2 - 2. Let r be x(1). Let m(u) = -3*u + 4*u - u + 4*u - 8 + 7*u**r. What is the units digit of m(-6)?
0
Let p(b) = -3*b**3 + 142*b**2 + 26*b + 59. What is the hundreds digit of p(47)?
4
Suppose 9*a - 1138 = 7*a. Let i = a - 367. What is the hundreds digit of i?
2
What is the thousands digit of 9768 + -12 - (-3 - -1)?
9
Suppose 45*d + 228149 = 679724. What is the thousands digit of d?
0
Let m(l) = 130*l**2 + 5*l + 16. Let n(t) = -26*t**2 - t - 3. Let s(c) = -2*m(c) - 11*n(c). What is the units digit of s(-4)?
3
Let b = -5 + 7. Let v(n) = 36*n**2 - 7*n + 12. Let k be v(2). Suppose -s - 2*s - 2*u = -105